e units digit of p?
6
Let l = 112 - 62. What is the units digit of l/75*6/2?
2
Suppose 17*c + 10 = 16*c. Let d(r) = -r**3 - 10*r**2 - 2*r - 13. What is the units digit of d(c)?
7
Suppose 3*i - 3*b - 1245 = 372, -5*i + 2691 = -4*b. What is the tens digit of i?
3
Suppose 5*a = 3*s + 7, -2*a - 2*s = -6*s. What is the units digit of (30*2 - a)*2?
6
Let z(j) = 3*j**2 - 6*j + 5. Let k be z(5). Suppose 54*i - k*i - 116 = 0. What is the units digit of i?
9
Suppose -2*a - 8 = -3*t, -a + 3*t + 2*t - 18 = 0. Let g = -320 - -322. Suppose g*d = -a*d + 152. What is the units digit of d?
8
Let h be 3 + (-1 + 3 - 0). Suppose -m = -h*t - 124 - 16, -220 = -2*m - 5*t. What is the tens digit of m?
2
Suppose -2*z - 1 = -5. Let j(q) = 1 - q**z - 7*q - 5 + 0 + 18*q. What is the tens digit of j(6)?
2
Suppose a - 18 = -2*a. Let v be ((-6)/(-9))/((-4)/a). What is the units digit of v - 3*(-2)/2?
2
Let n = 6538 - 1847. What is the tens digit of n?
9
Suppose 0 = -d - 2*o + 59, -d + 2*o + 186 = 3*d. What is the tens digit of d?
4
Suppose 38 + 28 = n + 3*y, 3*n + y - 166 = 0. What is the units digit of (0 - 2)*n/(-9)?
2
Let x = 10 - 1. Suppose 13*o - 116 = x*o. What is the units digit of o?
9
Let c = 251 - -376. What is the tens digit of c?
2
Let w(n) = n**3 + 25*n**2 - 49*n + 47. What is the thousands digit of w(-24)?
1
Let b = 2 + 13. Let z = b - -39. What is the units digit of z?
4
What is the hundreds digit of (-91608)/(-28) + 330/77 + -4?
2
What is the units digit of (-204)/(-42)*(5 + 2)?
4
Let p(v) = -v + 4. Let o be p(11). Let u(m) = -5*m - 9. Let r be u(o). What is the tens digit of (0 - 0 - r)/(-2)?
1
Suppose 0 = -0*j + 2*j - r - 8, -4*r = 3*j + 10. What is the tens digit of j/(-3) - 136/(-6)?
2
Let g = 15 - 5. Suppose y - 5 = g. What is the units digit of y?
5
Let m(n) = n**2 + 5*n + 33. What is the units digit of m(-23)?
7
Let c(x) be the first derivative of -3*x**2/2 - 31*x + 14. What is the tens digit of c(-19)?
2
Let d = -51 + 135. What is the units digit of d?
4
Let j(x) = -6*x + 6. Suppose 0*a - 4*a - 48 = 0. What is the units digit of j(a)?
8
Suppose -4*c - 39 = 4*f - 7*c, 2*c + 66 = -5*f. Let d be 6*(32/f + 3). Suppose -2*x + 0*v = -d*v - 60, x = -2*v + 30. What is the tens digit of x?
3
Let w(o) = 2*o**2 - 3*o + 2. Let t be w(3). Suppose 4*x + t = 43. Let l = x + -5. What is the units digit of l?
3
Let b(z) = 83*z**2 - 3*z - 7. What is the tens digit of b(-5)?
8
Let x = 1760 - 813. What is the hundreds digit of x?
9
Let r(d) = -d**2 + 13*d - 10. Suppose 0 = -k - 0*k. Suppose v - 19 = -3*f + 18, k = -4*f + 3*v + 32. What is the units digit of r(f)?
2
Let k = -882 + 960. What is the tens digit of k?
7
Let g be 89/(-2*5/90). Let r = -570 - g. What is the tens digit of r?
3
Let h = -222 - -249. Let k = 1154 + -218. What is the tens digit of k/h - 2/(-6)?
3
Let x(r) = -r - 4. Let v be x(-7). Suppose -v*o + 52 = o. What is the units digit of o?
3
Let h(i) = 12*i - 6. What is the tens digit of h(8)?
9
Suppose -25*q + 24*q + 5 = 0, 2*b = -4*q + 1586. What is the tens digit of b?
8
Let t(l) = 22*l**2 - 10*l + 18. Let o be t(2). Let n = 25 - 5. Suppose -n = 2*j - o. What is the tens digit of j?
3
Let f = 1217 + -743. What is the tens digit of f?
7
Suppose 2*m - 355 = 711. What is the tens digit of m?
3
Let w(a) = 4*a**2 + 58*a + 124. What is the hundreds digit of w(-32)?
3
Suppose 3*b = b + g + 756, -5*b - 2*g = -1881. What is the units digit of b?
7
Suppose 0 = -3*p + q + 3, -4*p - 3*q - 4 = -21. Suppose -2*g - 291 = -p*v - 5*g, 0 = g + 3. What is the units digit of v?
0
Let u be 51/7 + (-10)/35. Let n(t) = t - 3. Let f be n(u). Suppose 0 = w + 3*o - 6, 0*w + 5*w - f*o = 68. What is the tens digit of w?
1
Let b(p) = p**2 + 59*p + 502. What is the units digit of b(-8)?
4
Let a(y) = -142*y - 519. What is the tens digit of a(-16)?
5
Suppose 3*r + 381 = -5*v, 0 = 4*v + 3*r + 270 + 36. Let o = 140 + v. What is the tens digit of o?
6
Let r(u) = -4*u**3 - 3*u**2 - 2*u**3 - 7 - u**3 + 6*u**3 + 4*u. Let s be r(-5). Suppose 2*m - 19 - s = 0. What is the tens digit of m?
2
Let n = 13 - 11. What is the units digit of -73*(-5)/10*n?
3
Suppose -300 = -4*n + n + 5*v, 2*n + 3*v = 219. Suppose -4*u + 89 = 3*h - 76, -2*u + 3*h + n = 0. What is the units digit of u?
5
Let z = -629 - -1404. What is the tens digit of z?
7
Let u = -18 - -30. Suppose -3*x - 6 = 0, f + x + u = 3*f. Suppose -5*p + 0 + 17 = 3*r, f*p + 55 = 5*r. What is the units digit of r?
9
Let f = 185 + -129. Suppose f = -3*b + 11*b. What is the units digit of b?
7
Suppose -5*l + 3*u + 6340 = 0, -l = -4*l - u + 3804. What is the tens digit of l?
6
Let q = 3012 - 1840. What is the units digit of q?
2
Let r(a) = 58*a**2 - 6*a - 29. What is the hundreds digit of r(-3)?
5
Let c(u) = -u**3 + 11*u**2 + 4*u + 11. Suppose 0 = -2*a + 2*z + 32, -3*a - 5*z - 47 = -5*a. What is the units digit of c(a)?
5
Suppose -4*j + 3*j + w = 2, 2*j + 4*w = -4. Let t be 0 + 0/(-3 - j). Let a = t + 5. What is the units digit of a?
5
Suppose -8*r + 2347 = -1037. What is the hundreds digit of r?
4
Let s = -18 + 21. Suppose 0 = -3*k + 4*k - s. Let y = k - -39. What is the units digit of y?
2
Let h(j) = j**3 + 16*j**2 - 24*j - 100. What is the hundreds digit of h(-15)?
4
Let p(w) = -w**2 + 7*w + 15. Let y be p(9). What is the units digit of y*(-5 - -4) - -32?
5
What is the hundreds digit of (-88730)/152*(-16)/10?
9
Suppose 3*n - 127 = 197. Let g be (-981)/(-13) - 108/234. Let y = n - g. What is the units digit of y?
3
Let o be (-2 + 2 - -1)/((-7)/(-42)). What is the hundreds digit of (-1 - -13)*124/o?
2
Let u be ((-80)/25)/((-1)/(-5)*-1). Suppose -5*q + 95 + 374 = 3*f, 0 = 4*q + u. What is the units digit of f?
3
Suppose 21*z = -5517 + 16752. What is the tens digit of z?
3
Let y = -11 + 13. Let k(f) = f**3 + f**2 - 1. Let n(r) = -2*r**3 - 2*r**2 - 2*r + 4. Let p(o) = -k(o) - n(o). What is the tens digit of p(y)?
1
Let s = 55 + 172. Let z = -75 + s. Suppose 5*m + 172 - 18 = 4*i, 4*i = 4*m + z. What is the tens digit of i?
3
Let p(x) = -51*x + 31. What is the units digit of p(-14)?
5
Suppose 0 = -5*t - p + 20503, 2*t - 25*p = -20*p + 8185. What is the tens digit of t?
0
Let h be (-12)/21*21/(-6). Suppose 0 = -h*v - 0 - 4. Let u = v + 9. What is the units digit of u?
7
Let p(k) = k**2 - 1. Let m be p(1). Suppose 5*f = -3*i + 448, m = 2*f + 3*i - i - 180. What is the units digit of f?
9
Let r be (-23 - -9)*2*(-10)/14. Suppose -24*c + r*c = -656. What is the units digit of c?
4
What is the units digit of 909/2 + 8/(-16)?
4
Suppose 1173 = 305*y - 302*y. What is the tens digit of y?
9
Suppose -3*i + 2*v + 2178 = 2*i, 3*v - 1311 = -3*i. What is the units digit of i?
6
Let q(a) = 126*a**2 + 5*a + 9. What is the tens digit of q(-2)?
0
Let n(u) = 19*u + 2. Let k be n(-2). Let c = 20 + k. Let a = 21 - c. What is the units digit of a?
7
Suppose 2 = -0*u + u. Let l(i) = 3 - u*i**2 - 4 + 0 + 2*i + 9*i**2. What is the units digit of l(2)?
1
What is the units digit of -1*(-8)/4*(-1420)/(-8)?
5
Suppose -3 = -a + 6. Let x be (-6)/a*42/(-4). What is the units digit of (-10)/(-2) + -6 + x?
6
Let w(z) = -2*z**3 - 5*z**2 + 11*z - 25. What is the thousands digit of w(-11)?
1
Suppose -3*s = -4*k + 151 + 41, 2*k = -s + 86. Suppose x - 45 = k. What is the tens digit of x?
9
Suppose 4*v + q = 285 + 181, -4*v - 3*q = -462. What is the hundreds digit of v?
1
Let j(r) = -15 - 23 + r + 60. What is the units digit of j(17)?
9
Let g be (4 + (-95)/20)*-8. Suppose 0 = g*b - 139 + 31. What is the tens digit of b?
1
Let t = 3059 + -314. What is the thousands digit of t?
2
Let b(u) = 4*u**2 - 6*u + 1. Let w(v) = 21*v**2 - 31*v + 6. Let c(x) = 11*b(x) - 2*w(x). What is the units digit of c(-3)?
9
Let y(b) = 70*b - 3. Let j(t) = -2*t - 5. Let x be j(-3). What is the tens digit of y(x)?
6
Suppose -r - h + 639 = 0, 7*r - 3225 = 2*r + h. What is the hundreds digit of r?
6
Suppose 9*l - 6521 = 29641. What is the tens digit of l?
1
Let s(d) = 9 + 3*d - 4*d + 2*d. Let y be s(-11). Let f(h) = 7*h**2 + 2*h - 2. What is the units digit of f(y)?
2
What is the tens digit of (-15)/((-604)/(-202) - (-111)/(-37))?
1
Suppose -2*k + 765 + 1479 = 0. What is the tens digit of k?
2
Suppose -5*d = -5*s - 15, s = -3*d + 3*s + 6. Let y = -89 + 105. Suppose d = -2*m + y. What is the units digit of m?
8
What